.
105
What is the remainder when 707 is divided by 71?
68
Calculate the remainder when 284 is divided by 15.
14
Calculate the remainder when 67 is divided by 30.
7
Calculate the remainder when 4619 is divided by 140.
139
Calculate the remainder when 144 is divided by 40.
24
What is the remainder when 28 is divided by 19?
9
Calculate the remainder when 56 is divided by 10.
6
Calculate the remainder when 173 is divided by 82.
9
What is the remainder when 1671 is divided by 271?
45
Calculate the remainder when 9885 is divided by 3290.
15
What is the remainder when 719 is divided by 15?
14
Calculate the remainder when 132 is divided by 31.
8
Calculate the remainder when 44 is divided by 4.
0
Calculate the remainder when 1355 is divided by 133.
25
What is the remainder when 952 is divided by 242?
226
Calculate the remainder when 446 is divided by 7.
5
What is the remainder when 171 is divided by 11?
6
What is the remainder when 365 is divided by 40?
5
What is the remainder when 2386 is divided by 86?
64
Calculate the remainder when 324 is divided by 41.
37
What is the remainder when 671 is divided by 14?
13
What is the remainder when 538 is divided by 130?
18
What is the remainder when 1379 is divided by 154?
147
What is the remainder when 350 is divided by 32?
30
Calculate the remainder when 131 is divided by 69.
62
What is the remainder when 531 is divided by 233?
65
Calculate the remainder when 84 is divided by 46.
38
Calculate the remainder when 487 is divided by 230.
27
What is the remainder when 5396 is divided by 25?
21
Calculate the remainder when 421 is divided by 106.
103
Calculate the remainder when 556 is divided by 248.
60
Calculate the remainder when 93 is divided by 42.
9
What is the remainder when 1799 is divided by 24?
23
Calculate the remainder when 165 is divided by 84.
81
What is the remainder when 552 is divided by 263?
26
What is the remainder when 399 is divided by 30?
9
Calculate the remainder when 113 is divided by 16.
1
What is the remainder when 182 is divided by 87?
8
What is the remainder when 1444 is divided by 718?
8
Calculate the remainder when 219 is divided by 68.
15
What is the remainder when 897 is divided by 18?
15
Calculate the remainder when 718 is divided by 57.
34
Calculate the remainder when 123 is divided by 68.
55
What is the remainder when 1060 is divided by 370?
320
Calculate the remainder when 384 is divided by 55.
54
What is the remainder when 2008 is divided by 49?
48
Calculate the remainder when 547 is divided by 194.
159
Calculate the remainder when 55 is divided by 41.
14
What is the remainder when 104 is divided by 89?
15
Calculate the remainder when 20494 is divided by 84.
82
Calculate the remainder when 110 is divided by 37.
36
What is the remainder when 4782 is divided by 46?
44
Calculate the remainder when 170 is divided by 74.
22
What is the remainder when 80 is divided by 32?
16
Calculate the remainder when 195 is divided by 51.
42
Calculate the remainder when 3426 is divided by 11.
5
What is the remainder when 481 is divided by 26?
13
Calculate the remainder when 457 is divided by 24.
1
What is the remainder when 2348 is divided by 1171?
6
What is the remainder when 2704 is divided by 66?
64
What is the remainder when 73 is divided by 32?
9
What is the remainder when 594 is divided by 25?
19
Calculate the remainder when 3021 is divided by 8.
5
Calculate the remainder when 12878 is divided by 27.
26
Calculate the remainder when 160 is divided by 50.
10
Calculate the remainder when 2666 is divided by 175.
41
Calculate the remainder when 887 is divided by 89.
86
What is the remainder when 643 is divided by 74?
51
Calculate the remainder when 1756 is divided by 583.
7
What is the remainder when 346 is divided by 29?
27
What is the remainder when 338 is divided by 116?
106
What is the remainder when 884 is divided by 143?
26
What is the remainder when 315 is divided by 21?
0
Calculate the remainder when 180 is divided by 71.
38
What is the remainder when 920 is divided by 259?
143
Calculate the remainder when 85 is divided by 47.
38
What is the remainder when 429 is divided by 10?
9
Calculate the remainder when 266 is divided by 18.
14
Calculate the remainder when 2498 is divided by 1231.
36
What is the remainder when 73 is divided by 41?
32
What is the remainder when 1910 is divided by 116?
54
What is the remainder when 2261 is divided by 11?
6
What is the remainder when 2828 is divided by 135?
128
What is the remainder when 49 is divided by 10?
9
What is the remainder when 83 is divided by 33?
17
Calculate the remainder when 838 is divided by 20.
18
Calculate the remainder when 493 is divided by 83.
78
What is the remainder when 255 is divided by 10?
5
What is the remainder when 45 is divided by 5?
0
What is the remainder when 94 is divided by 28?
10
What is the remainder when 383 is divided by 55?
53
Calculate the remainder when 442 is divided by 37.
35
Calculate the remainder when 943 is divided by 266.
145
Calculate the remainder when 5518 is divided by 425.
418
Calculate the remainder when 1187 is divided by 205.
162
Calculate the remainder when 73 is divided by 23.
4
Calculate the remainder when 126 is divided by 20.
6
Calculate the remainder when 504 is divided by 65.
49
Calculate the remainder when 128 is divided by 45.
38
Calculate the remainder when 4309 is divided by 160.
149
What is the remainder when 415 is divided by 84?
79
Calculate the remainder when 724 is divided by 348.
28
Calculate the remainder when 2607 is divided by 100.
7
Calculate the remainder when 134 is divided by 73.
61
Calculate the remainder when 100 is divided by 51.
49
What is the remainder when 24 is divided by 10?
4
What is the remainder when 3535 is divided by 1168?
31
Calculate the remainder when 457 is divided by 85.
32
Calculate the remainder when 593 is divided by 33.
32
What is the remainder when 758 is divided by 23?
22
Calculate the remainder when 1759 is divided by 42.
37
Calculate the remainder when 571 is divided by 41.
38
What is the remainder when 90 is divided by 7?
6
What is the remainder when 3500 is divided by 219?
215
What is the remainder when 334 is divided by 52?
22
What is the remainder when 567 is divided by 169?
60
Calculate the remainder when 200 is divided by 11.
2
Calculate the remainder when 76 is divided by 15.
1
Calculate the remainder when 64122 is divided by 25.
22
Calculate the remainder when 129 is divided by 32.
1
What is the remainder when 458 is divided by 33?
29
Calculate the remainder when 51 is divided by 50.
1
What is the remainder when 166 is divided by 10?
6
What is the remainder when 2208 is divided by 730?
18
What is the remainder when 181 is divided by 161?
20
What is the remainder when 372 is divided by 117?
21
Calculate the remainder when 20 is divided by 8.
4
What is the remainder when 1930 is divided by 102?
94
Calculate the remainder when 743 is divided by 18.
5
Calculate the remainder when 269 is divided by 41.
23
What is the remainder when 9851 is divided by 106?
99
What is the remainder when 152 is divided by 22?
20
What is the remainder when 327 is divided by 30?
27
Calculate the remainder when 189 is divided by 26.
7
What is the remainder when 280 is divided by 142?
138
Calculate the remainder when 163 is divided by 84.
79
What is the remainder when 1675 is divided by 36?
19
What is the remainder when 2713 is divided by 247?
243
What is the remainder when 928 is divided by 49?
46
What is the remainder when 129 is divided by 20?
9
What is the remainder when 2355 is divided by 124?
123
Calculate the remainder when 624 is divided by 52.
0
Calculate the remainder when 1251 is divided by 35.
26
Calculate the remainder when 687 is divided by 99.
93
Calculate the remainder when 38 is divided by 22.
16
Calculate the remainder when 745 is divided by 684.
61
Calculate the remainder when 4832 is divided by 1605.
17
What is the remainder when 320 is divided by 81?
77
What is the remainder when 2292 is divided by 85?
82
What is the remainder when 466 is divided by 36?
34
What is the remainder when 498 is divided by 68?
22
What is the remainder when 2672 is divided by 207?
188
Calculate the remainder when 71 is divided by 29.
13
Calculate the remainder when 8117 